20494 and 4947?
51
Calculate the highest common factor of 14410 and 2155.
5
What is the highest common factor of 3080112 and 114?
6
Calculate the highest common divisor of 2 and 10448888.
2
What is the greatest common factor of 6671 and 404789609?
6671
Calculate the highest common divisor of 3520328 and 35224.
2072
Calculate the highest common divisor of 111589020 and 1700.
340
What is the greatest common divisor of 32218827 and 93?
93
What is the greatest common divisor of 269807 and 446335?
1003
What is the greatest common factor of 1521544471 and 458?
229
What is the greatest common divisor of 132522918 and 3036?
1518
What is the greatest common divisor of 84906 and 2979?
9
What is the greatest common divisor of 123648375 and 375?
375
What is the highest common divisor of 54 and 213789870?
18
What is the highest common factor of 8400 and 19924590?
210
Calculate the greatest common divisor of 13580998 and 37.
37
What is the greatest common divisor of 448589 and 9861?
173
What is the highest common divisor of 5286 and 4098?
6
What is the greatest common factor of 153 and 174863139?
51
What is the highest common factor of 41624 and 67359248?
968
What is the greatest common factor of 45152136 and 333?
333
Calculate the greatest common divisor of 46863795 and 2145.
165
Calculate the greatest common factor of 927720 and 1980.
180
What is the highest common factor of 58550 and 12650?
50
Calculate the greatest common factor of 2382 and 146184.
6
What is the highest common factor of 754380 and 4818?
66
What is the greatest common factor of 47090 and 327390?
10
What is the greatest common factor of 571455 and 61005?
1245
What is the greatest common divisor of 294416 and 5528?
8
Calculate the greatest common factor of 584 and 12800.
8
Calculate the highest common divisor of 193336 and 319176.
1144
Calculate the greatest common factor of 67306125 and 1425.
75
Calculate the highest common factor of 305 and 453963647.
61
Calculate the greatest common factor of 153802 and 18106.
22
Calculate the highest common factor of 7626 and 69800286.
246
What is the highest common divisor of 3808 and 22621424?
1904
Calculate the greatest common factor of 6472 and 327645.
809
What is the highest common divisor of 7407 and 422532?
9
Calculate the greatest common divisor of 990 and 187257114.
198
What is the greatest common factor of 2065098 and 357?
21
Calculate the highest common divisor of 199380882 and 12.
6
What is the greatest common factor of 25955 and 201115?
145
What is the highest common factor of 105 and 7743603?
21
Calculate the greatest common divisor of 35221706 and 9776.
1222
Calculate the highest common divisor of 33 and 688452875.
11
What is the highest common divisor of 5869808 and 931?
49
Calculate the highest common factor of 252 and 283910004.
252
What is the highest common divisor of 44 and 23433377?
11
Calculate the highest common divisor of 14535 and 848725.
85
What is the greatest common factor of 6085 and 2498501?
1217
What is the greatest common factor of 912 and 2076168?
456
Calculate the greatest common factor of 593782 and 12191.
73
Calculate the highest common factor of 163139 and 120909.
41
What is the highest common factor of 64774592 and 64?
64
Calculate the highest common divisor of 24167149 and 356.
89
What is the greatest common factor of 3872512 and 834146?
4322
Calculate the highest common divisor of 373116 and 90211.
59
What is the highest common divisor of 629005264 and 652?
652
Calculate the highest common divisor of 17184 and 4500597.
537
Calculate the highest common divisor of 1973553 and 837.
93
What is the highest common divisor of 3301385 and 20?
5
What is the highest common factor of 208 and 1340976?
208
What is the highest common divisor of 24 and 4888512?
24
Calculate the greatest common factor of 18 and 8099250.
6
What is the highest common factor of 711 and 127121823?
711
What is the highest common factor of 3572 and 13128886?
1786
Calculate the greatest common factor of 174650 and 4025.
175
What is the greatest common divisor of 1307 and 6043?
1
Calculate the highest common factor of 962928097 and 2921.
2921
Calculate the highest common factor of 1954670 and 290.
10
What is the highest common factor of 19862431 and 43?
43
What is the highest common divisor of 204096 and 547968?
192
What is the highest common factor of 12 and 8887482?
6
What is the highest common divisor of 2644675 and 7172?
1793
What is the highest common factor of 2493666 and 252?
126
Calculate the highest common divisor of 1343 and 2557361.
17
Calculate the greatest common factor of 4533003 and 18459.
2637
Calculate the greatest common factor of 743246 and 32872.
14
What is the highest common divisor of 51844 and 8268?
52
Calculate the highest common factor of 1412332 and 34364.
284
What is the highest common divisor of 2056 and 32424148?
1028
What is the greatest common divisor of 8 and 80468912?
8
What is the greatest common divisor of 57464193 and 17244?
1437
Calculate the highest common divisor of 1960 and 682389680.
1960
Calculate the greatest common divisor of 401403 and 3.
3
Calculate the greatest common factor of 85284 and 1748.
92
What is the greatest common divisor of 8271072 and 313632?
2592
What is the highest common divisor of 19788 and 402764?
68
What is the highest common divisor of 75136 and 3152190?
1174
What is the greatest common divisor of 43178973 and 177?
177
Calculate the highest common divisor of 452 and 112043003.
113
What is the greatest common factor of 12770 and 1464840315?
6385
Calculate the highest common divisor of 24374038 and 130.
26
What is the highest common factor of 11989332 and 129204?
1332
What is the greatest common divisor of 218 and 343114778?
218
What is the highest common factor of 295 and 30165343?
59
Calculate the highest common divisor of 61038626 and 88.
22
Calculate the highest common factor of 33699 and 45966.
141
What is the highest common divisor of 627 and 7944717?
627
Calculate the greatest common factor of 88795 and 2524788.
301
Calculate the highest common factor of 69045612 and 84.
12
What is the highest common divisor of 8154 and 7499538?
18
What is the greatest common divisor of 470557 and 218776?
943
What is the highest common factor of 191469808 and 16?
16
What is the greatest common divisor of 2620530033 and 913?
913
Calculate the highest common divisor of 126 and 4774203.
63
Calculate the highest common factor of 30474492 and 2168.
1084
What is the greatest common factor of 609911 and 4?
1
What is the greatest common factor of 28 and 1390074?
14
What is the greatest common divisor of 21 and 13486571?
7
Calculate the greatest common divisor of 20 and 262973910.
10
Calculate the highest common factor of 2258433 and 15283.
493
What is the greatest common divisor of 168960 and 27?
3
Calculate the highest common factor of 30 and 104706255.
15
Calculate the greatest common factor of 44 and 117989894.
22
What is the greatest common divisor of 583 and 543015?
11
What is the highest common factor of 2010 and 2235790?
670
What is the greatest common divisor of 349 and 47938291?
349
Calculate the greatest common factor of 636 and 66021888.
636
Calculate the greatest common divisor of 4011744 and 1320.
264
What is the highest common divisor of 3124502 and 74?
74
What is the greatest common factor of 444 and 8279490?
222
What is the highest common factor of 52600 and 539800?
200
Calculate the highest common divisor of 11555600 and 376.
8
Calculate the highest common divisor of 1501769 and 110999.
101
What is the highest common factor of 10 and 296467410?
10
Calculate the greatest common factor of 111390 and 429486.
282
What is the greatest common divisor of 105548050 and 19175?
1475
Calculate the greatest common factor of 38866 and 37982.
2
What is the highest common divisor of 281960 and 12016690?
3710
Calculate the greatest common divisor of 450390 and 79410.
30
What is the greatest common factor of 244 and 65116?
4
What is the highest common divisor of 53884864 and 38720?
704
What is the highest common factor of 518 and 46754750?
14
Calculate the greatest common factor of 440 and 6721704.
88
What is the greatest common divisor of 28 and 473108?
4
Calculate the highest common factor of 8924 an